{"id":2691,"date":"2017-11-13T17:35:24","date_gmt":"2017-11-13T17:35:24","guid":{"rendered":"https:\/\/www.hotelenlacerdanya.com\/experiencias-con-fonda-matia\/?lang=fr"},"modified":"2017-11-14T18:08:23","modified_gmt":"2017-11-14T18:08:23","slug":"experiencias-con-fonda-matia","status":"publish","type":"page","link":"https:\/\/www.hotelenlacerdanya.com\/fr\/experiencias-con-fonda-matia\/","title":{"rendered":"Exp\u00e9riences avec Fonda Matia"},"content":{"rendered":"<div class=\"wpb-content-wrapper\">[vc_row][vc_column][vc_column_text]\n<p style=\"text-align: right;\"><span style=\"font-family: 'book antiqua', palatino, serif; font-size: 8pt;\"><a href=\"https:\/\/www.facebook.com\/fondamatia.restaurantlamuga\/\"><img loading=\"lazy\" decoding=\"async\" class=\"alignright\" src=\"https:\/\/www.hotelenlacerdanya.com\/wp-content\/uploads\/2017\/11\/facebook-icon.png\" width=\"30\" height=\"30\" \/><\/a><br \/>\nSuivez-nous sur Facebook, nous vous informerons de toutes les promotions<br \/>\n<\/span><\/p>\n[\/vc_column_text][\/vc_column][\/vc_row][vc_row][vc_column][vc_column_text]\n<p style=\"text-align: center;\"><span style=\"font-family: 'book antiqua', palatino, serif; font-size: 14pt;\">Imaginez passer du temps avec votre partenaire \u00e0 La Cerdanya avec des vues spectaculaires sur le Parc Naturel Cad\u00ed-Moixer\u00f3<\/span><br \/>\n<span style=\"font-family: 'book antiqua', palatino, serif; font-size: 14pt;\">et pr\u00e8s de la rivi\u00e8re Segre.<\/span><br \/>\n<span style=\"font-family: 'book antiqua', palatino, serif; font-size: 14pt;\">Hotel Fonda Matia a quelques-unes des meilleures offres d&rsquo;h\u00f4tels \u00e0 Bellver de Cerdanya.<\/span><br \/>\n<span style=\"font-family: 'book antiqua', palatino, serif; font-size: 14pt;\">D\u00e9couvrez les offres de notre h\u00f4tel.<\/span><\/p>\n[\/vc_column_text][\/vc_column][\/vc_row][vc_row][vc_column width=\u00a0\u00bb1\/4&Prime;][cq_vc_ihover images=\u00a0\u00bb2329&Prime; thumbtitle=\u00a0\u00bbEscapada Romantica\u00a0\u00bb thumbdesc=\u00a0\u00bbEscapada Romantica\u00a0\u00bb shape=\u00a0\u00bbcircle\u00a0\u00bb effect=\u00a0\u00bbeffect2&Prime; direction1=\u00a0\u00bbbottom_to_top\u00a0\u00bb onclick=\u00a0\u00bbcustom_link\u00a0\u00bb itemwidth=\u00a0\u00bb300&Prime; itemheight=\u00a0\u00bb300&Prime; custom_links=\u00a0\u00bbhttps:\/\/www.hotelenlacerdanya.com\/escapada-romantica-fonda-matia\/\u00a0\u00bb][\/vc_column][vc_column width=\u00a0\u00bb1\/4&Prime;][cq_vc_ihover images=\u00a0\u00bb2648&Prime; thumbtitle=\u00a0\u00bbOferta Invierno\u00a0\u00bb thumbdesc=\u00a0\u00bbOferta Invierno\u00a0\u00bb shape=\u00a0\u00bbcircle\u00a0\u00bb effect=\u00a0\u00bbeffect2&Prime; direction1=\u00a0\u00bbbottom_to_top\u00a0\u00bb onclick=\u00a0\u00bbcustom_link\u00a0\u00bb itemwidth=\u00a0\u00bb300&Prime; itemheight=\u00a0\u00bb300&Prime; custom_links=\u00a0\u00bbhttps:\/\/www.hotelenlacerdanya.com\/?p=750&Prime;][\/vc_column][vc_column width=\u00a0\u00bb1\/4&Prime;][cq_vc_ihover images=\u00a0\u00bb1964&Prime; thumbtitle=\u00a0\u00bbEstancia con mucho gusto\u00a0\u00bb thumbdesc=\u00a0\u00bbEstancia con mucho gusto\u00a0\u00bb shape=\u00a0\u00bbcircle\u00a0\u00bb effect=\u00a0\u00bbeffect2&Prime; direction1=\u00a0\u00bbbottom_to_top\u00a0\u00bb onclick=\u00a0\u00bbcustom_link\u00a0\u00bb itemwidth=\u00a0\u00bb300&Prime; itemheight=\u00a0\u00bb300&Prime; custom_links=\u00a0\u00bbhttps:\/\/www.hotelenlacerdanya.com\/?p=2644&Prime;][\/vc_column][vc_column width=\u00a0\u00bb1\/4&Prime;][cq_vc_ihover images=\u00a0\u00bb2636&Prime; thumbtitle=\u00a0\u00bbSuperior\u00a0\u00bb thumbdesc=\u00a0\u00bbOferta la noche Habitaci\u00f3n Superior\u00a0\u00bb shape=\u00a0\u00bbcircle\u00a0\u00bb effect=\u00a0\u00bbeffect2&Prime; direction1=\u00a0\u00bbbottom_to_top\u00a0\u00bb onclick=\u00a0\u00bbcustom_link\u00a0\u00bb itemwidth=\u00a0\u00bb300&Prime; itemheight=\u00a0\u00bb300&Prime; custom_links=\u00a0\u00bbhttps:\/\/www.hotelenlacerdanya.com\/?p=2650&Prime;][\/vc_column][\/vc_row]\n<\/div>","protected":false},"excerpt":{"rendered":"<p>[vc_row][vc_column][vc_column_text] Suivez-nous sur Facebook, nous vous informerons de toutes les promotions [\/vc_column_text][\/vc_column][\/vc_row][vc_row][vc_column][vc_column_text] Imaginez passer du temps avec votre partenaire \u00e0 La Cerdanya avec des vues spectaculaires sur le Parc Naturel Cad\u00ed-Moixer\u00f3 et pr\u00e8s de la rivi\u00e8re Segre. Hotel Fonda Matia a quelques-unes des meilleures offres d&rsquo;h\u00f4tels \u00e0 Bellver de Cerdanya. D\u00e9couvrez les offres de notre<\/p>\n","protected":false},"author":1,"featured_media":0,"parent":0,"menu_order":0,"comment_status":"closed","ping_status":"closed","template":"page-templates\/template-full-width.php","meta":{"footnotes":""},"class_list":["post-2691","page","type-page","status-publish","hentry"],"_links":{"self":[{"href":"https:\/\/www.hotelenlacerdanya.com\/fr\/wp-json\/wp\/v2\/pages\/2691","targetHints":{"allow":["GET"]}}],"collection":[{"href":"https:\/\/www.hotelenlacerdanya.com\/fr\/wp-json\/wp\/v2\/pages"}],"about":[{"href":"https:\/\/www.hotelenlacerdanya.com\/fr\/wp-json\/wp\/v2\/types\/page"}],"author":[{"embeddable":true,"href":"https:\/\/www.hotelenlacerdanya.com\/fr\/wp-json\/wp\/v2\/users\/1"}],"replies":[{"embeddable":true,"href":"https:\/\/www.hotelenlacerdanya.com\/fr\/wp-json\/wp\/v2\/comments?post=2691"}],"version-history":[{"count":2,"href":"https:\/\/www.hotelenlacerdanya.com\/fr\/wp-json\/wp\/v2\/pages\/2691\/revisions"}],"predecessor-version":[{"id":2696,"href":"https:\/\/www.hotelenlacerdanya.com\/fr\/wp-json\/wp\/v2\/pages\/2691\/revisions\/2696"}],"wp:attachment":[{"href":"https:\/\/www.hotelenlacerdanya.com\/fr\/wp-json\/wp\/v2\/media?parent=2691"}],"curies":[{"name":"wp","href":"https:\/\/api.w.org\/{rel}","templated":true}]}}

Expériences avec Fonda Matia

<div class="wpb-content-wrapper">[vc_row][vc_column][vc_column_text]
<p style="text-align: right;"><span style="font-family: 'book antiqua', palatino, serif; font-size: 8pt;"><a href="https://www.facebook.com/fondamatia.restaurantlamuga/"><img loading="lazy" decoding="async" class="alignright" src="https://www.hotelenlacerdanya.com/wp-content/uploads/2017/11/facebook-icon.png" width="30" height="30" /></a><br />
Suivez-nous sur Facebook, nous vous informerons de toutes les promotions<br />
</span></p>
[/vc_column_text][/vc_column][/vc_row][vc_row][vc_column][vc_column_text]
<p style="text-align: center;"><span style="font-family: 'book antiqua', palatino, serif; font-size: 14pt;">Imaginez passer du temps avec votre partenaire à La Cerdanya avec des vues spectaculaires sur le Parc Naturel Cadí-Moixeró</span><br />
<span style="font-family: 'book antiqua', palatino, serif; font-size: 14pt;">et près de la rivière Segre.</span><br />
<span style="font-family: 'book antiqua', palatino, serif; font-size: 14pt;">Hotel Fonda Matia a quelques-unes des meilleures offres d&rsquo;hôtels à Bellver de Cerdanya.</span><br />
<span style="font-family: 'book antiqua', palatino, serif; font-size: 14pt;">Découvrez les offres de notre hôtel.</span></p>
[/vc_column_text][/vc_column][/vc_row][vc_row][vc_column width= »1/4&Prime;][cq_vc_ihover images= »2329&Prime; thumbtitle= »Escapada Romantica » thumbdesc= »Escapada Romantica » shape= »circle » effect= »effect2&Prime; direction1= »bottom_to_top » onclick= »custom_link » itemwidth= »300&Prime; itemheight= »300&Prime; custom_links= »https://www.hotelenlacerdanya.com/escapada-romantica-fonda-matia/ »][/vc_column][vc_column width= »1/4&Prime;][cq_vc_ihover images= »2648&Prime; thumbtitle= »Oferta Invierno » thumbdesc= »Oferta Invierno » shape= »circle » effect= »effect2&Prime; direction1= »bottom_to_top » onclick= »custom_link » itemwidth= »300&Prime; itemheight= »300&Prime; custom_links= »https://www.hotelenlacerdanya.com/?p=750&Prime;][/vc_column][vc_column width= »1/4&Prime;][cq_vc_ihover images= »1964&Prime; thumbtitle= »Estancia con mucho gusto » thumbdesc= »Estancia con mucho gusto » shape= »circle » effect= »effect2&Prime; direction1= »bottom_to_top » onclick= »custom_link » itemwidth= »300&Prime; itemheight= »300&Prime; custom_links= »https://www.hotelenlacerdanya.com/?p=2644&Prime;][/vc_column][vc_column width= »1/4&Prime;][cq_vc_ihover images= »2636&Prime; thumbtitle= »Superior » thumbdesc= »Oferta la noche Habitación Superior » shape= »circle » effect= »effect2&Prime; direction1= »bottom_to_top » onclick= »custom_link » itemwidth= »300&Prime; itemheight= »300&Prime; custom_links= »https://www.hotelenlacerdanya.com/?p=2650&Prime;][/vc_column][/vc_row]
</div>

<p>[vc_row][vc_column][vc_column_text] Suivez-nous sur Facebook, nous vous informerons de toutes les promotions [/vc_column_text][/vc_column][/vc_row][vc_row][vc_column][vc_column_text] Imaginez passer du temps avec votre partenaire à La Cerdanya avec des vues spectaculaires sur le Parc Naturel Cadí-Moixeró et près de la rivière Segre. Hotel Fonda Matia a quelques-unes des meilleures offres d&rsquo;hôtels à Bellver de Cerdanya. Découvrez les offres de notre</p>
